 - 4*i - p. Let u(r) = -r**2 - 3*r + 4. Determine u(w).
0
Let s(h) be the third derivative of h**4/24 - 5*h**3/6 + 2*h**2. Suppose 4 = -0*a + 2*a, -2*a + 134 = 5*n. Let g = n - 33. Calculate s(g).
-12
Let i(c) = -6*c + 1. Let x = -14 - -8. Let a = -506 - -511. Let j = x + a. Calculate i(j).
7
Suppose 10 = 2*h, 4*t + 5 = h - 0. Let a(c) = 11 - 8*c**2 - 6*c**2 + 5*c**2. Let r(w) = 4*w**2 - 6. Let y(n) = -3*a(n) - 7*r(n). What is y(t)?
9
Let x(k) = k**3 - 3*k**2 - 4*k + 2. Let l = -251 + 254. What is x(l)?
-10
Let b(f) = -2. Let h(t) = 12*t - 33. Let v(y) = 15*b(y) - h(y). Calculate v(2).
-21
Let q(y) = 2 - y**3 - 2 + 1 + 4*y - 6*y**2 + 0*y**3. What is q(-6)?
-23
Let t(h) = h**2 - 11*h + 16. Let j be t(6). Let u(k) = -k**2 - 13*k + 8. Let a be u(j). Let n(q) = 0*q - q - 4 + 0*q. Calculate n(a).
2
Let j(d) = -268*d + 8*d**2 - 272*d + 546*d - 2 + 4*d**3 - 3*d**3. Give j(-7).
5
Let y(n) = 0 - 173*n - 180*n - 17 + 352*n. Give y(-7).
-10
Let m(c) be the first derivative of c**2/2 - 9*c + 3. Suppose 3*f - x + 5*x - 32 = 0, -4*f + 5*x = -22. Suppose f = 2*i - 2. What is m(i)?
-4
Let h be 1 + (-13)/((-13)/(-6)). Let c be (9 + h)*-1*1. Let i = 8 + c. Let r(t) = t**3 - 3*t**2 - 5*t + 6. Give r(i).
2
Let l(k) be the second derivative of -k**4/12 - 17*k**3/6 + 45*k**2/2 + 249*k. Determine l(-19).
7
Let f(a) = a**3 - a**2 - 2*a + 2. Let d(z) = 2*z**3 - 16*z**2 + 12*z + 16. Let l be d(7). Determine f(l).
2
Let g(a) be the second derivative of -26*a + 0 - 1/12*a**4 - a**3 - 5/2*a**2. Give g(-5).
0
Let q(t) = 32*t + 55. Let j(n) = -15*n - 27. Let m(d) = 13*j(d) + 6*q(d). What is m(-5)?
-6
Let n(c) = c**3 - 2*c + c**2 - 5 + 4*c**2 - 2*c**2. Let r = 804 + -808. Calculate n(r).
-13
Let l(a) = 3*a**2 - 2*a + 1. Let t(m) = -m**2 + 44*m - 83. Let q be t(42). Calculate l(q).
2
Let u(g) = 27 - g**2 - 3*g - 9*g - 7*g - 28 + 17*g. Determine u(3).
-16
Let o(t) = -t**2 - t - 23. Let y = -1834 + 1834. What is o(y)?
-23
Let d(y) be the second derivative of y**3/3 - 2*y**2 + 3*y. Let i be d(3). Let w(h) = -h - h**3 + 7*h**2 - 5 - 8*h**i + 6. Determine w(0).
1
Suppose -b - 2*b = -5*o + 19, 3*b - 21 = -3*o. Let s(d) = -5*d + 8 + 4*d**2 - 1 + 11*d - o*d**2. Calculate s(7).
0
Suppose -6 = 2*b - 0*b. Let m(t) = -t**2 - 2*t - 2. Let v be m(b). Let w(j) be the first derivative of j**3/3 + 2*j**2 + 6*j - 2. Determine w(v).
11
Let l(z) = z**2 + z. Let y = -7 + 8. Let v(h) = 19*h**2 + 22*h**2 + 3 + 1 - 39*h**2 + 4*h. Let f(k) = y*v(k) - 3*l(k). Give f(0).
4
Let s(f) = -3*f - 9. Let u(m) be the first derivative of m**4/4 - 2*m**3 - 5*m**2 + 14*m - 17. Let t be u(7). Determine s(t).
12
Let z(f) = f**3 + 4*f**2 + f + 2. Let h(q) = -q**2 - 4*q + 113. Let s be h(9). What is z(s)?
-2
Let v be -8 - ((-22)/10 + (-6)/(-30)). Let j be 2/v*(-10 + 1) - 9. Let y(k) = -k - 5. Calculate y(j).
1
Let w(a) be the first derivative of -a**3 + a**2/2 + 13*a - 573. Give w(0).
13
Let q(y) be the first derivative of y**2/2 + 8*y - 139. Determine q(-4).
4
Let p(l) = -l + 7. Suppose -3*j = -3*k + 105, -3*j + 31 = 2*k - 19. Suppose 0 = -4*g - 5 - k. Let x = g + 15. What is p(x)?
1
Let j be (-1)/3*(-10 + 1). Suppose 7*k + 4*f = 6*k - 3, -5*k + 9 = -4*f. Let g(v) = -3*v**j + v**3 - k + 1 - 1. What is g(-1)?
1
Let s(d) be the third derivative of -d**6/720 + d**5/120 - 7*d**4/24 + 8*d**2. Let a(z) be the second derivative of s(z). Determine a(-5).
6
Let w(c) = -36*c + 1037*c**2 - 1036*c**2 + 24 + 38*c. Calculate w(0).
24
Let o(y) be the third derivative of y**6/120 + 7*y**5/60 + y**4/4 - y**3 + 2*y**2. Let h be 0 + -2 + -7 + 3. What is o(h)?
-6
Let h(x) = -4*x + 5. Let a = 87 + -72. Let y be 2 + 6/9 + 35/a. What is h(y)?
-15
Let k(f) = -f**3 - 8*f**2 + f + 7. Suppose 0 = 10*t + 53 + 27. Determine k(t).
-1
Let i(w) = -21 - 12 - 9523*w + 9518*w. Calculate i(-8).
7
Let k(l) = l - 1. Let n(a) = 5*a - 13. Let x(b) = 6*k(b) - n(b). Let i be x(-8). Let f(t) = -t - 2. What is f(i)?
-1
Let z(t) = t**2 + 5*t + 5. Let k(a) = -25*a + 129. Let c(o) = -8*o + 43. Let p(f) = 7*c(f) - 2*k(f). Let v be p(8). Give z(v).
5
Suppose c = w + 7, -c = -0*c - 4*w - 13. Let y(s) = 10 - 6 - c + 10*s. Calculate y(-1).
-11
Suppose -5*m - 18 = -43. Let c = -38 + 49. Let t(z) = 2 + c + 1 - z - 7. Give t(m).
2
Let s(k) = 17*k + 36. Let i(u) = 9*u + 22. Let x(r) = 11*i(r) - 6*s(r). Determine x(14).
-16
Let w(r) = r + 2. Let p be ((-85)/(-34))/((-5)/(-12)). Let d(n) = 8*n + 19. Let y(m) = p*w(m) - d(m). Calculate y(-6).
5
Let m(r) = -8*r**2 + 0*r - 6*r + r. Suppose -i - i = 2*u - 10, 0 = -3*u - 2*i + 14. Let h(o) = 4*o**2 + 3*o. Let f(j) = u*m(j) + 7*h(j). Give f(1).
-3
Let c be 3*(-2)/9*60/8. Let y(h) = -h + 3. Calculate y(c).
8
Let j = 48 + -27. Let x be 14/j + (-11)/3. Let q(m) be the third derivative of -m**4/6 - 2*m**3/3 + 2*m**2. Determine q(x).
8
Let h(n) = 7*n**2 - 3. Let g be h(2). Let w(l) = 4*l - 12 + 3 + g. Let p(m) = -9*m - 33. Let d(v) = 3*p(v) + 7*w(v). What is d(-7)?
6
Let t(i) = i**2 - 13*i - 236. Let a be t(-10). Let g(z) = -2*z**2 - 10*z + 15. Calculate g(a).
3
Let a(i) = -4*i - 10. Let n(h) = h + 1. Let m(x) = a(x) + 6*n(x). Calculate m(5).
6
Let c(o) = -o**2 + o - 7. Let z be 2 - ((-8)/(-4) + -8). Let b = 8 - z. What is c(b)?
-7
Suppose -22 = -4*w + 2*a, -2*w - 4*a - 4 = -0*w. Let u(m) = -4*m**2 + m + 2. Let z(h) = -9*h**2 + h + 4. Let o(v) = -7*u(v) + 3*z(v). What is o(w)?
-2
Let j(w) = w**2 - 1 - 4*w**2 - 2130*w + 2129*w. Let t(d) = -7*d**2 - d - 2. Let m(a) = 5*j(a) - 3*t(a). What is m(1)?
5
Let d(f) = -103*f + 851. Let m be d(8). Let b(y) = -y**2 + 27*y + 14. Calculate b(m).
14
Let d(l) = 4*l**2 + 2*l - 1. Suppose -2*j - 3*z + 30 = -5*j, -4*z = 3*j + 30. Let h(a) = a**2 + 13*a + 31. Let o be h(j). What is d(o)?
5
Let y(o) = 2*o - 4. Let n(f) = -1. Let x(z) = -5*n(z) + y(z). Let p(r) = -2*r. Let g be p(2). Give x(g).
-7
Let c(p) = 2*p - 15. Let v be c(6). Let g(l) = 3*l**2 + 6*l + 4. Let r(n) = -n**2 - 1. Let t(f) = -g(f) - 2*r(f). What is t(v)?
7
Let w(k) = -11*k**3 + 21*k**2 + 3*k - 17. Let i(x) = -5*x**3 - 3 + 10*x**2 + 45*x - 5 - 44*x. Let d(l) = 13*i(l) - 6*w(l). What is d(-5)?
-2
Let j(w) be the third derivative of -w**5/20 - w**4/4 + w**3/3 - 3*w**2 - 10. Calculate j(-1).
5
Let n(q) = -7*q**2 - 26*q - 134. Let c(j) = 4*j**2 + 11*j + 67. Let g(r) = -5*c(r) - 3*n(r). What is g(-20)?
7
Let x = 10 - 17. Let w(l) be the first derivative of l**4/4 + 8*l**3/3 + 7*l**2/2 + 916. Calculate w(x).
0
Suppose 2 = 2*g, 4*g - 2*g - 9 = m. Suppose 7*d - 97 = -104. Let k = d - m. Let v(x) = x**3 - 6*x**2 + x - 1. Determine v(k).
5
Let k(g) be the third derivative of g**6/60 - g**5/20 - g**4/24 + g**3/3 + 64*g**2. Give k(2).
4
Suppose -2*c + 5 = -2*b + 3*b, 5*c = -4*b + 17. Let m(t) = -6 + 3 + 4 + t**3 - t + b*t**2. Give m(-4).
-11
Suppose -33 + 47 = k. Suppose h = -2*u + 7, -h - k = -0*h - 5*u. Let d(p) = -6*p**3 + p**2 - 1. Give d(h).
-6
Let z(r) = 4*r**3 + r**2 - 3*r - 3. Let c(x) = 8*x**3 + 2*x**2 - 5*x - 5. Let n(m) = m**2 - 5*m - 17. Let o be n(8). Let f(v) = o*z(v) - 4*c(v). Give f(-1).
3
Let c(r) = 269*r - 91*r - 2 - 88*r - r**2 - 88*r. Give c(7).
-37
Let j(d) be the second derivative of 5*d**3/6 - 19*d**2/2 - 520*d. What is j(5)?
6
Let j = -33 - -32. Let i(q) = 17*q - 1. Determine i(j).
-18
Let t(l) = l**2 - 11*l - 3. Suppose 3*i - 5*v - 6 = 44, -3*v - 12 = 0. Give t(i).
-13
Let f(c) = 2*c**2 + 7 + 5*c**2 - 396*c**3 - 5*c**2 - 6*c + c**2 + 397*c**3. What is f(-5)?
-13
Suppose -2*t + 1 = 3. Let b = t - -4. Let f(o) = -6*o - 36. Let l(m) = 7*m + 43. Let c(h) = 6*f(h) + 5*l(h). Give c(b).
-4
Let r(p) = 7*p - 9. Let k be r(6). Let u be (-1)/(-6) - k/(-18). Let a(w) = 3*w**2 + w. What is a(u)?
14
Let n(g) = 2*g**2 - 2*g - 4. Suppose -29*y + 36*y = 35. Calculate n(y).
36
Let u(r) = r**2 - 12*r + 38. Let b be u(7). Let a(i) = i + 1. Calculate a(b).
4
Let n be 16/10*(14 - 612/48). Let g(t) be the first derivative of -3*t + 0*t**n + 11 + 1/4*t**4 + 0*t**3. What is g(0)?
-3
Let m(l) = 17*l - 24. Let v(k) = -3*k + 5. Let u(n) = -2*m(n) - 11*v(n). Let j(o) = -o**2 + 3*o + 10. Let t be j(5). Give u(t).
-7
Let h(r) be the second derivative of -r**5/20 - r**4/4 - 5*r**3/6 + 2*r - 1. Determine h(-4).
36
Let j(s) be the second derivative of s**5/60 + s**4/24 + s**3/3 + 13*s**2 - 28*s. Let v(y) be the first derivative of j(y). Calculate v(0).
